(1 - 0) + -2.
1
Calculate (1 - 0) + -1 + 3 + -3.
0
-36 + 39 - (2 + 4)
-3
-3 + -1 + 5 + 2
3
Calculate 2 + 2 + 19 + -8 + -14.
1
Calculate 5 + 3 + -14 + 10.
4
Evaluate 1 - (-2 + (0 - -2 - -4)).
-3
What is (-1 - -4) + (-32 - -17) - -4?
-8
Calculate -5 + 3 + 0 + -4 - -3.
-3
What is the value of 3 + (1 - -3 - -2) - 4?
5
What is 13 - 1 - (46 - 40)?
6
-2 + (-3 - -4) + -2 - -1
-2
What is -9 + (16 - 7 - 4)?
-4
What is the value of -1 + -4 - (-2 + 1)?
-4
What is -2 - (4 + -1 + (6 - 6))?
-5
What is 1 + -11 + 19 + -16?
-7
What is the value of -3 - (-7 + 1 - (0 - 0))?
3
What is the value of -1 + 0 + 16 + -13?
2
What is the value of 13 + 0 - (83 - 76)?
6
Evaluate -2 + (7 - 12 - (-12 - 0)).
5
Evaluate 6 + -9 + -12 + -1 + 8.
-8
1 + 3 + 2 + (1 - 5)
2
Evaluate (6 - (0 - -12)) + 2.
-4
Calculate -2 - (-2 - (-2 - 3 - -5)).
0
11 + -6 + -7 + (-6 - -5)
-3
-3 + 5 + -4 + 3
1
Calculate -3 + 0 + (-1 - -6).
2
What is the value of 0 + (2 + 0 - 1 - 1)?
0
What is the value of -17 + 0 - (-224 - -212)?
-5
3 + (3 - 4) - (31 - 33)
4
Calculate -1 + (-4 - -2) + 1 + 4.
2
What is 17 - (9 - -1) - 3?
4
What is the value of 2 + (0 - (3 + -5)) + -4?
0
-9 + (-4 - (-2 + -4))
-7
Evaluate 5 - 2 - (4 - (-4 + 0)).
-5
Evaluate 0 - 5 - (21 + -29).
3
Evaluate 0 + -4 + -1 + 9.
4
What is the value of 4 + 0 + -4 + 4?
4
Evaluate (0 - -2) + 2 + -13 + 4.
-5
-5 - (-2 + -2 + (12 - 15))
2
What is (8 - 1) + (52 - 61)?
-2
Evaluate -1 + -1 + -8 + 4 + 3.
-3
Evaluate (-2 - -4) + 1 + -4 + 4.
3
What is the value of -1 - 0 - (-4 - 4 - -14)?
-7
Evaluate 1 - (7 - 2 - (-7 + 10)).
-1
What is (2 - 1) + -13 + 6 + 3?
-3
Calculate (-17 - (-3 - 7)) + 12.
5
Calculate -4 - ((-4 - (-3 + 4)) + 3).
-2
48 + -50 - (0 - 7)
5
What is the value of (0 - (2 - 1)) + 4?
3
Calculate -8 - (-7 + -6 + (3 - -6)).
-4
(5 - 3) + (0 - -1) - -5
8
What is -7 - (-10 + 20 + -13)?
-4
Evaluate 1 + (-5 - -10) - (4 + 1).
1
-2 + 1 - (1 + -6 - -6)
-2
What is the value of -6 + (0 - 8) + 8?
-6
What is -1 - 0 - (3 + -7)?
3
-1 + -7 - (-24 - -19)
-3
What is the value of 1 + -1 + 4 + -5?
-1
What is the value of -2 + -7 + (1 + 2 - -1)?
-5
(0 + -2 - -8) + (14 - 16)
4
What is the value of -9 + 8 + 3 - (0 - -4)?
-2
Calculate 6 + 1 + -7 + 1 + -8.
-7
-4 + (-4 + 6 - -1)
-1
Calculate -20 + 12 + 4 + 11.
7
What is 12 + -9 + 0 + 0?
3
What is the value of 3 + (-4 - 8 - -6)?
-3
Calculate 1 + -1 + (32 - 32).
0
Evaluate (-5 - -2 - 1 - -2) + 5.
3
What is the value of 11 + -3 + -7 + 6?
7
Calculate 14 + -18 - (-4 - -4).
-4
What is 1 + (2 - 0) + -5?
-2
Evaluate (1 + -6 - -6) + -5 + 4.
0
Calculate -5 + 1 + 0 + 2 - 1.
-3
Calculate 14 - 2 - (5 - (-6 + 4)).
5
What is -1 - (-3 + 5) - 3?
-6
Evaluate 2 + -4 + (8 - 3).
3
What is the value of (7 - 3) + (2 - 9)?
-3
Calculate 9 - (-4 - -2) - (-1 + 7).
5
What is 0 + 0 + (-14 - -9)?
-5
3 - (2 + 4 + -1)
-2
Evaluate 1 - (-6 - -5) - (7 + -1).
-4
Evaluate 3 - ((-8 - -5) + 5).
1
Evaluate 1 + (-3 + -1 - -1).
-2
1 - 3 - (10 + -15)
3
Calculate 2 + -6 + 3 + 3.
2
What is the value of (-1 - (9 - (8 + -4))) + 3?
-3
What is 2 + -1 + 3 + -4?
0
What is the value of 10 + -2 + -2 + -4?
2
What is the value of 1 + (-2 - (0 - 3))?
2
What is the value of 0 - ((0 - -2) + -1 + -2)?
1
Evaluate 0 - (-2 + (-8 - (-5 - -2))).
7
What is -2 + (6 + 3 - 13)?
-6
Evaluate 5 + (4 - 8 - 1).
0
-5 + (3 - 3) + 7 + -5
-3
What is 2 + -4 + (-1 + 3 - -5)?
5
What is (-1 - (4 + 0)) + 3?
-2
What is the value of -4 + 3 - (18 - 21)?
2
Calculate -7 + -1 - (4 - (22 + -12)).
-2
Calculate (-6 - (-1 - 9)) + (-1 - -1).
4
43 + -33 - (-1 - -15)
-4
What is (6 - 6) + 12 - (2 - -2)?
8
-15 + 5 + 6 + (-3 - -5)
-2
What is the value of 4 + 2 + (-5 - -7) + -4?
4
Evaluate (-6 - 3) + 5 + 4.
0
Evaluate -5 + (6 - (-6 + 3)).
4
What is the value of 1 + -2 - ((-9 - -2) + 4)?
2
What is 1 - (4 - (-2 + -1 + 3))?
-3
What is the value of 2 - (-3 + (2 - 1))?
4
0 - -6 - (-11 - -13)
4
What is the value of (9 - 9) + 2 + -1?
1
What is the value of -2 - (25 + -37 - (-2 + -1))?
7
-2 + 4 + 1 + -1 + -1
1
What is the value of -3 + 0 + -1 + 9?
5
Evaluate (0 - (-1 - 0)) + 2.
3
4 + (4 + -7 - 1)
0
1 + -4 + (2 - 0)
-1
(0 - 2) + 15 + -12
1
What is -5 + (12 - (1 - 0)) - 2?
4
Calculate -2 + -1 - (-4 + 3 - 3).
1
What is 3 - (3 + -7 - -2) - 2?
3
What is (0 - 1) + -17 + 23?
5
257 + -275 + (0 - -10)
-8
What is the value of (1 - 1) + 6 + -13?
-7
What is 7 + -2 + -3 - 0 - -5?
7
What is 3 + -5 + 1 - (38 + -34)?
-5
What is the value of 1 + 2 - (-7 - -3 - -9)?
-2
Calculate -15 + (-14 - -28) - (-5 - 1).
5
-2 + -3 - 1 - -3
-3
Evaluate -4 + (-2 + 5 + -2 - 1).
-4
Calculate -4 + 4 - 15 - -6.
-9
Calculate -3 + 3 + 1 - (-1 - -1).
1
4 + (1 - (-2 - -7))
0
(-3 + 0 - -8 - 5) + 7
7
What is -2 - -4 - (-2 + 6 + 2)?
-4
Evaluate -2 - -2 - (3 - (12 + -5)).
4
Calculate 3 + -3 + (5 - 1) + -2.
2
Calculate -3 + 4 + 12 - 9.
4
What is the value of 42 + -44 - (1 - (-1 - -1))?
-3
Evaluate 8 + (-17 - (1 - 9) - -5).
4
Calculate 2 + 3 + -2 + 0 + -2.
1
Evaluate 1 - (-18 + 1 + 41 + -34).
11
What is -2 + -4 + (9 - 7)?
-4
Calculate 3 + 2 + -1 + -5.
-1
Evaluate (22 + -17 - (-2 - -1)) + -12.
-6
What is (3 - 2) + 0 - (-125 - -122)?
4
What is -7 - (-19 + 3 + 6)?
3
Evaluate 0 - (-8 - (-8 - -3)).
3
Calculate (2 - 2) + -1 - 2.
-3
What is the value of (2 - 7 - -9) + -3?
1
1 + -1 + 4 + -7
-3
What is -2 + -10 - -6 - (-1 + -1)?
-4
What is the value of 0 + (14 - 4 - (0 + 5))?
5
Evaluate 6 + 0 - (-17 + -14 + 29).
8
Evaluate 2 + (-4 - (-6 - 2)) + -3.
3
What is the value of 2 + -10 + 5 + -2?
-5
What is -11 + 19 - 22 - -9?
-5
Calculate 4 - 1 - (0 - 0).
3
Evaluate -28 - -21 - (-7 - -1).
-1
-12 - (13 + -29) - (6 - -1)
-3
What is the value of -1 + 4 + (1 - 3) - -4?
5
What is 1 - (6 + -5 + 0)?
0
Evaluate -8 - (-11 - 2) - 7.
-2
Evaluate -7 + (-3 - -6) - (6 - 15).
5
Evaluate 4 + (4 + -4 - -3 - 7).
0
Evaluate 1 + 0 - (49 - 53).
5
What is -2 - (-6 - (-5 + 1))?
0
What is the value of (0 - (3 + 0)) + 0 + -2?
-5
4 - (0 - (5 - 11))
-2
1 - (0 - (0 - (2 + -1)))
0
3 + (-5 - 1) + (2 - 5)
-6
What is (1 - (8 + -10)) + -8?
-5
-1 - (0 - 2) - -2
3
What is the value of 3 + (6 + -10 - (1 + -8))?
6
What is (1 - (3 - (-2 + 4))) + -4?
-4
What is the value of -5 + 3 - (0 + 1)?
-3
Calculate -20 + 8 + (10 - 5).
-7
What is the value of -5 + (-7 - (6 - 24))?
6
What is -5 + (2 - -1) - -3?
1
3 + (2 - (3 - 2))
4
4 - (-6 + 8 + -2) - 1
3
What is (-4 - 2) + 4 - -6?
4
Calculate -4 + 3 + -5 + (2 - -10).
6
What is -2 - -2 - (-3 + 4 - 2)?
1
(-22 - (-13 + 0)) + 4
-5
What is the value of 1 + 0 - (-3 + 1) - -1?
4
Calculate -5 - (-1 - 1 - (-8 - -9)).
-2
(23 - 3 - 14) + (-3 - 0)
3
(3 - 1) + -2 + (1 - -4)
5
Calculate 3 + 1 + (2 - 5 - -1).
2
Evaluate -6 + 19 + -10 - 5.
-2
What is the value of -1 - -6 - (-118 + 121)?
2
5 - 12 - ((4 - 3) + -9)
1
What is the value of 8 - -1 - (-6 - (-13 - -1))?
3
What is -1 - (3 - (4 + 4))?
4
Evaluate (-8 - -4 - -8 - 3) + -3.
-2
What is 2 + (6 - -5) + -21?
-8
(-2 - -5) + 1 + -8 + 4
0
What is 5 - (7 - -4) - -9?
3
What is the value of -1 + 2 + 1 - -3?
5
What is 0 - 1 - (20 + -19)?
-2
Calculate -3 + (-1 - 3) + 7.
0
Evaluate 1 + 1 - (14 + -7 + -2).
-3
What is 6 + 14 + -9 + -8?
3
-11 + 2 + -18 + 32
5
Evaluate (4 - 2 - -4) + -4.
2
What is the value of 0 + 4 + 0 + (-16 - -16)?
4
-2 + 6 + -6 + 0
-2
Calculate (11 - (1 - -7)) + 5.
8
Calculate -11 - (-3 + 3) - -17.
6
9 - (2 + 3 + -1)
5
1 - ((4 - 5) + 3)
-1
What is the value of -4 + 9 + -1 + -4?
0
Evaluate (-5 - -3) + 0 - 4.
-6
-7 + 6 + -15 + 8 - -13
5
What is 6 + -8 + 8 - (-2 + 5)?
3
Calculate 6 + -5 + 0 + -2.
-1
Evaluate -5 - (1 + -1 - 0) - -3.
-2
What is the value of 1 + -2 + (-1 - (3 + -10))?
5
Calculate (7 + -1 - 8) + 11.
9
What is 2 + -7 + 5 + 0 + -4?
-4
6 + 0 + (-6 - (-7 - -5))
2
What is (-3 - 0) + 2 + 1 + -2?
-2
What is -1 + 3 + 5 + -6 + 2?
3
What is 19 - 19 - (3 - 0)?
-3
Evaluate 5 - (5 + -7) - 8.
-1
Evaluate 7 + -4 + 0 + 1 + -6.
-2
What is -11 - -8 - 9 - -9?
-3
Calculate 4 + 1 + (47 - 46) + 2.
8
0 + 0 + -8 + 4
-4
What is the value of 0 - 6 - (5 + -17 + 5)?
1
Evaluate -17 + 5 + 4 - 0.
-8
What is the value of (5 - 1) + (2 - 2)?
4
What is the value of 6 - (12 + (5 - (0 + 11)))?
0
Evaluate 45 - 44 - (-2 + 8).
-5
What is (21 - (27 + -7)) + (0 - 5)?
-4
(1 - (-9 + 5)) + 1
6
Calculate (13 + -6 - 4) + -2.
1
What is the value of (-2 - ((0 - 0) + 0)) + -3?
-5
What is the value of -38 + 30 + (0 - -1)?
-7
What is the value of (6 - (2 + 1)) + -5?
-2
What is 2 + (-3 -